divided by 2860?
32
Calculate the remainder when 6917 is divided by 768.
5
Calculate the remainder when 2606 is divided by 263.
239
What is the remainder when 946971 is divided by 18?
9
Calculate the remainder when 35564 is divided by 36.
32
Calculate the remainder when 918499 is divided by 115.
109
What is the remainder when 21651 is divided by 1758?
555
What is the remainder when 34584 is divided by 92?
84
Calculate the remainder when 5113 is divided by 134.
21
Calculate the remainder when 1008 is divided by 331.
15
What is the remainder when 17056 is divided by 189?
46
Calculate the remainder when 33570 is divided by 100.
70
What is the remainder when 61139 is divided by 1222?
39
What is the remainder when 20558 is divided by 111?
23
Calculate the remainder when 317638 is divided by 105876.
10
What is the remainder when 3573 is divided by 798?
381
Calculate the remainder when 53507 is divided by 156.
155
Calculate the remainder when 13554 is divided by 92.
30
What is the remainder when 8730 is divided by 229?
28
What is the remainder when 67816 is divided by 16951?
12
What is the remainder when 3951 is divided by 326?
39
What is the remainder when 1256710 is divided by 422?
416
What is the remainder when 7405 is divided by 2835?
1735
Calculate the remainder when 975 is divided by 208.
143
Calculate the remainder when 68875 is divided by 27.
25
Calculate the remainder when 651 is divided by 529.
122
Calculate the remainder when 3898530 is divided by 706.
704
What is the remainder when 1375441 is divided by 67?
65
Calculate the remainder when 1283 is divided by 134.
77
What is the remainder when 2375 is divided by 168?
23
What is the remainder when 5976 is divided by 1309?
740
Calculate the remainder when 14212 is divided by 173.
26
Calculate the remainder when 63956 is divided by 15937.
208
Calculate the remainder when 62584 is divided by 12506.
54
What is the remainder when 7912 is divided by 7746?
166
Calculate the remainder when 7951 is divided by 2.
1
Calculate the remainder when 50594 is divided by 36.
14
What is the remainder when 5508 is divided by 916?
12
Calculate the remainder when 95334 is divided by 5956.
38
Calculate the remainder when 651 is divided by 241.
169
What is the remainder when 2301 is divided by 248?
69
What is the remainder when 144305 is divided by 2?
1
Calculate the remainder when 1950 is divided by 22.
14
Calculate the remainder when 1574 is divided by 786.
2
Calculate the remainder when 204618 is divided by 34101.
12
Calculate the remainder when 33526 is divided by 16751.
24
What is the remainder when 1900 is divided by 1894?
6
What is the remainder when 28218 is divided by 130?
8
What is the remainder when 4683 is divided by 55?
8
Calculate the remainder when 1186074 is divided by 475.
474
Calculate the remainder when 5961 is divided by 28.
25
Calculate the remainder when 559 is divided by 188.
183
What is the remainder when 29269 is divided by 401?
397
Calculate the remainder when 281394 is divided by 1366.
1364
What is the remainder when 361126 is divided by 12?
10
Calculate the remainder when 1477 is divided by 1469.
8
What is the remainder when 5931 is divided by 41?
27
Calculate the remainder when 15437 is divided by 2259.
1883
What is the remainder when 26765 is divided by 133?
32
Calculate the remainder when 18173 is divided by 18170.
3
Calculate the remainder when 12706 is divided by 1299.
1015
Calculate the remainder when 75399 is divided by 82.
41
What is the remainder when 2623 is divided by 2127?
496
What is the remainder when 2518 is divided by 426?
388
Calculate the remainder when 11725 is divided by 3892.
49
Calculate the remainder when 44784 is divided by 457.
455
What is the remainder when 16214 is divided by 47?
46
Calculate the remainder when 15429 is divided by 374.
95
What is the remainder when 1027 is divided by 8?
3
What is the remainder when 15935 is divided by 13?
10
What is the remainder when 77032 is divided by 222?
220
Calculate the remainder when 3614 is divided by 198.
50
Calculate the remainder when 1141 is divided by 134.
69
What is the remainder when 4257 is divided by 2635?
1622
Calculate the remainder when 87744 is divided by 8769.
54
What is the remainder when 4836 is divided by 1324?
864
Calculate the remainder when 43425 is divided by 276.
93
Calculate the remainder when 884 is divided by 116.
72
Calculate the remainder when 6350 is divided by 780.
110
What is the remainder when 927312 is divided by 220?
12
Calculate the remainder when 48278 is divided by 231.
230
Calculate the remainder when 1412 is divided by 1215.
197
Calculate the remainder when 2325 is divided by 109.
36
What is the remainder when 2240 is divided by 2182?
58
What is the remainder when 3257 is divided by 3182?
75
What is the remainder when 34450 is divided by 214?
210
What is the remainder when 5345 is divided by 2617?
111
What is the remainder when 4126 is divided by 418?
364
Calculate the remainder when 272367 is divided by 14.
11
Calculate the remainder when 29806 is divided by 5908.
266
What is the remainder when 8828 is divided by 95?
88
Calculate the remainder when 1101 is divided by 219.
6
What is the remainder when 240004 is divided by 23?
22
Calculate the remainder when 172648 is divided by 247.
242
What is the remainder when 62242 is divided by 66?
4
Calculate the remainder when 22499 is divided by 4497.
14
What is the remainder when 375 is divided by 57?
33
What is the remainder when 20130 is divided by 24?
18
What is the remainder when 1611559 is divided by 47?
23
Calculate the remainder when 8649 is divided by 576.
9
Calculate the remainder when 53895 is divided by 350.
345
What is the remainder when 2082363 is divided by 22?
19
What is the remainder when 463 is divided by 216?
31
What is the remainder when 165013 is divided by 446?
439
What is the remainder when 17591 is divided by 194?
131
What is the remainder when 2881 is divided by 365?
326
What is the remainder when 11188 is divided by 193?
187
What is the remainder when 4842 is divided by 764?
258
Calculate the remainder when 924839 is divided by 2083.
2070
Calculate the remainder when 91882 is divided by 62.
60
Calculate the remainder when 3326 is divided by 188.
130
What is the remainder when 1669 is divided by 546?
31
What is the remainder when 2643 is divided by 1234?
175
Calculate the remainder when 29951 is divided by 1426.
5
What is the remainder when 2002 is divided by 123?
34
What is the remainder when 111928 is divided by 246?
244
What is the remainder when 126086 is divided by 183?
182
What is the remainder when 98846 is divided by 63?
62
Calculate the remainder when 22262 is divided by 22261.
1
Calculate the remainder when 3930 is divided by 1286.
72
What is the remainder when 24654 is divided by 1523?
286
Calculate the remainder when 114297 is divided by 608.
601
Calculate the remainder when 5795 is divided by 106.
71
What is the remainder when 93058 is divided by 65?
43
What is the remainder when 69909 is divided by 129?
120
What is the remainder when 1723 is divided by 42?
1
Calculate the remainder when 11830 is divided by 84.
70
What is the remainder when 146119 is divided by 73050?
19
What is the remainder when 15295 is divided by 898?
29
What is the remainder when 197184 is divided by 850?
834
Calculate the remainder when 14325 is divided by 161.
157
Calculate the remainder when 439789 is divided by 17.
16
Calculate the remainder when 5413 is divided by 760.
93
What is the remainder when 10271 is divided by 177?
5
What is the remainder when 328 is divided by 43?
27
Calculate the remainder when 11611 is divided by 294.
145
Calculate the remainder when 1262 is divided by 446.
370
Calculate the remainder when 55101 is divided by 123.
120
What is the remainder when 54390 is divided by 73?
5
Calculate the remainder when 5177 is divided by 2584.
9
Calculate the remainder when 6315 is divided by 197.
11
Calculate the remainder when 27838 is divided by 44.
30
Calculate the remainder when 1496 is divided by 353.
84
Calculate the remainder when 35607 is divided by 44.
11
Calculate the remainder when 840 is divided by 199.
44
Calculate the remainder when 12632 is divided by 547.
51
Calculate the remainder when 25935 is di